{"id":234,"date":"2024-08-03T16:58:20","date_gmt":"2024-08-03T19:58:20","guid":{"rendered":"https:\/\/institutovita.org.br\/lojacursos\/?post_type=tribe_events&#038;p=234"},"modified":"2024-10-01T14:11:30","modified_gmt":"2024-10-01T17:11:30","slug":"curso-teorico-pratico-de-reabilitacao-de-pe-e-tornozelo","status":"publish","type":"tribe_events","link":"https:\/\/institutovita.org.br\/lojacursos\/evento\/curso-teorico-pratico-de-reabilitacao-de-pe-e-tornozelo\/","title":{"rendered":"Curso Te\u00f3rico Pr\u00e1tico de Reabilita\u00e7\u00e3o de P\u00e9 e Tornozelo"},"content":{"rendered":"<p><strong>O Curso<\/strong><\/p>\n<p>O Curso Te\u00f3rico-Pr\u00e1tico de Reabilita\u00e7\u00e3o de P\u00e9 e Tornozelo \u00e9 uma oportunidade \u00fanica para profissionais de sa\u00fade se atualizarem e aprimorarem suas habilidades no tratamento de les\u00f5es ortop\u00e9dicas e traum\u00e1ticas nesta \u00e1rea espec\u00edfica.<\/p>\n<p>Com uma programa\u00e7\u00e3o abrangente e focada na aplica\u00e7\u00e3o pr\u00e1tica, o curso oferece uma combina\u00e7\u00e3o de aulas te\u00f3ricas, discuss\u00f5es de casos cl\u00ednicos reais, e visitas t\u00e9cnicas a centros de refer\u00eancia.<\/p>\n<p>&nbsp;<\/p>\n<p><strong>Objetivos do Curso<\/strong><\/p>\n<p>\u2022 Capacitar profissionais com conhecimentos atualizados sobre anatomia, biomec\u00e2nica, e reabilita\u00e7\u00e3o de p\u00e9 e tornozelo.<\/p>\n<p>\u2022 Desenvolver habilidades pr\u00e1ticas atrav\u00e9s da an\u00e1lise, discuss\u00e3o de casos cl\u00ednicos reais.<\/p>\n<p>\u2022\u00a0 Acompanhar o Corpo Cl\u00ednico no Ambulat\u00f3rio e em\u00a0 uma Cirurgia de P\u00e9 e Tornozelo (Observacional e por agendamento)<\/p>\n<p>\u2022 Promover o networking entre participantes, especialistas da \u00e1rea e empresas patrocinadoras.<\/p>\n<p>&nbsp;<\/p>\n<p><strong>P\u00fablico Alvo<\/strong><\/p>\n<p>Fisioterapeutas: Profissionais atuantes na reabilita\u00e7\u00e3o de les\u00f5es ortop\u00e9dicas e traum\u00e1ticas de p\u00e9 e tornozelo.<\/p>\n<p>Estudantes de Fisioterapia e Ortopedia: Graduandos e p\u00f3s-graduandos interessados em aprofundar conhecimentos na \u00e1rea.<\/p>\n<p>Cl\u00ednicas e Institui\u00e7\u00f5es de Sa\u00fade: Gerentes e diretores de cl\u00ednicas de fisioterapia e ortopedia que buscam novas tecnologias e m\u00e9todos de tratamento.<\/p>\n<p>Fabricantes e Distribuidores de Produtos Ortop\u00e9dicos: Empresas que produzem ou comercializam dispositivos m\u00e9dicos, equipamentos de reabilita\u00e7\u00e3o, e acess\u00f3rios como palmilhas e faixas de resist\u00eancia.<\/p>\n","protected":false},"excerpt":{"rendered":"<p>O Curso O Curso Te\u00f3rico-Pr\u00e1tico de Reabilita\u00e7\u00e3o de P\u00e9 e Tornozelo \u00e9 uma oportunidade \u00fanica para profissionais de sa\u00fade se atualizarem e aprimorarem suas habilidades no tratamento de les\u00f5es ortop\u00e9dicas [&hellip;]<\/p>\n","protected":false},"author":1,"featured_media":365,"comment_status":"open","ping_status":"closed","template":"","meta":{"_acf_changed":false,"_price":"","_stock":"","_tribe_ticket_header":"","_tribe_default_ticket_provider":"Tribe__Tickets_Plus__Commerce__WooCommerce__Main","_tribe_ticket_capacity":"182","_ticket_start_date":"","_ticket_end_date":"","_tribe_ticket_show_description":"","_tribe_ticket_show_not_going":false,"_tribe_ticket_use_global_stock":"1","_tribe_ticket_global_stock_level":"182","_global_stock_mode":"","_global_stock_cap":"","_tribe_rsvp_for_event":"","_tribe_ticket_going_count":"","_tribe_ticket_not_going_count":"","_tribe_tickets_list":"[{\"id\":290,\"type\":\"default\",\"title\":\"M\\u00f3dulo Te\\u00f3rico \\\/  LAN\\u00c7AMENTO \\u2013 AT\\u00c9 31\\\/08\",\"description\":\"\",\"capacityType\":\"global\",\"price\":150,\"capacity\":182,\"available\":180,\"sharedCapacity\":182,\"sold\":0,\"shareSold\":0,\"isShared\":true,\"currencyDecimalPoint\":\",\",\"currencyNumberOfDecimals\":2,\"currencyPosition\":\"prefix\",\"currencySymbol\":\"$\",\"currencyThousandsSep\":\".\"},{\"id\":291,\"type\":\"default\",\"title\":\"Te\\u00f3rico e Pr\\u00e1tico - Lote 02\",\"description\":\"Curso Completo - 05 (Te\\u00f3rico) e 06 de Outubro (Pr\\u00e1tico)\",\"capacityType\":\"own\",\"price\":900,\"capacity\":12,\"available\":9,\"sharedCapacity\":12,\"sold\":3,\"shareSold\":3,\"isShared\":false,\"currencyDecimalPoint\":\",\",\"currencyNumberOfDecimals\":2,\"currencyPosition\":\"prefix\",\"currencySymbol\":\"$\",\"currencyThousandsSep\":\".\"},{\"id\":444,\"type\":\"default\",\"title\":\"Te\\u00f3rico e Pr\\u00e1tico - Lote 02 - M\\u00e9dicos, Fellows\\\/ Ex-fellows Instituto Vita\",\"description\":\"Desconto de 10% para M\\u00e9dicos, Fellows e Ex-Fellows do Instituto Vita\",\"capacityType\":\"own\",\"price\":810,\"capacity\":10,\"available\":8,\"sharedCapacity\":10,\"sold\":2,\"shareSold\":2,\"isShared\":false,\"currencyDecimalPoint\":\",\",\"currencyNumberOfDecimals\":2,\"currencyPosition\":\"prefix\",\"currencySymbol\":\"$\",\"currencyThousandsSep\":\".\"},{\"id\":441,\"type\":\"default\",\"title\":\"Somente Te\\u00f3rico - Lote 02\",\"description\":\"Somente Te\\u00f3rico - 05\\\/10\",\"capacityType\":\"own\",\"price\":180,\"capacity\":0,\"available\":0,\"sharedCapacity\":0,\"sold\":6,\"shareSold\":6,\"isShared\":false,\"currencyDecimalPoint\":\",\",\"currencyNumberOfDecimals\":2,\"currencyPosition\":\"prefix\",\"currencySymbol\":\"$\",\"currencyThousandsSep\":\".\"},{\"id\":443,\"type\":\"default\",\"title\":\"Somente Te\\u00f3rico - Lote 02 - M\\u00e9dicos, Fellows\\\/ Ex-fellows Instituto Vita\",\"description\":\"Desconto de 10% para M\\u00e9dicos, Fellows e Ex-Fellows do Instituto Vita\",\"capacityType\":\"own\",\"price\":162,\"capacity\":50,\"available\":42,\"sharedCapacity\":50,\"sold\":6,\"shareSold\":6,\"isShared\":false,\"currencyDecimalPoint\":\",\",\"currencyNumberOfDecimals\":2,\"currencyPosition\":\"prefix\",\"currencySymbol\":\"$\",\"currencyThousandsSep\":\".\"}]","_tribe_ticket_has_attendee_info_fields":false,"_tribe_events_status":"","_tribe_events_status_reason":"","_tribe_events_is_hybrid":"","_tribe_events_is_virtual":"","_tribe_events_virtual_video_source":"","_tribe_events_virtual_embed_video":"","_tribe_events_virtual_linked_button_text":"","_tribe_events_virtual_linked_button":"","_tribe_events_virtual_show_embed_at":"","_tribe_events_virtual_show_embed_to":[],"_tribe_events_virtual_show_on_event":"","_tribe_events_virtual_show_on_views":"","_tribe_events_virtual_url":"","footnotes":"","_tec_slr_enabled":"","_tec_slr_layout":""},"tags":[],"tribe_events_cat":[19],"class_list":["post-234","tribe_events","type-tribe_events","status-publish","has-post-thumbnail","hentry","tribe_events_cat-curso-teorico-pratico","cat_curso-teorico-pratico"],"acf":[],"ticketed":["woo"],"_links":{"self":[{"href":"https:\/\/institutovita.org.br\/lojacursos\/wp-json\/wp\/v2\/tribe_events\/234","targetHints":{"allow":["GET"]}}],"collection":[{"href":"https:\/\/institutovita.org.br\/lojacursos\/wp-json\/wp\/v2\/tribe_events"}],"about":[{"href":"https:\/\/institutovita.org.br\/lojacursos\/wp-json\/wp\/v2\/types\/tribe_events"}],"author":[{"embeddable":true,"href":"https:\/\/institutovita.org.br\/lojacursos\/wp-json\/wp\/v2\/users\/1"}],"replies":[{"embeddable":true,"href":"https:\/\/institutovita.org.br\/lojacursos\/wp-json\/wp\/v2\/comments?post=234"}],"version-history":[{"count":9,"href":"https:\/\/institutovita.org.br\/lojacursos\/wp-json\/wp\/v2\/tribe_events\/234\/revisions"}],"predecessor-version":[{"id":366,"href":"https:\/\/institutovita.org.br\/lojacursos\/wp-json\/wp\/v2\/tribe_events\/234\/revisions\/366"}],"wp:featuredmedia":[{"embeddable":true,"href":"https:\/\/institutovita.org.br\/lojacursos\/wp-json\/wp\/v2\/media\/365"}],"wp:attachment":[{"href":"https:\/\/institutovita.org.br\/lojacursos\/wp-json\/wp\/v2\/media?parent=234"}],"wp:term":[{"taxonomy":"post_tag","embeddable":true,"href":"https:\/\/institutovita.org.br\/lojacursos\/wp-json\/wp\/v2\/tags?post=234"},{"taxonomy":"tribe_events_cat","embeddable":true,"href":"https:\/\/institutovita.org.br\/lojacursos\/wp-json\/wp\/v2\/tribe_events_cat?post=234"}],"curies":[{"name":"wp","href":"https:\/\/api.w.org\/{rel}","templated":true}]}}

Curso Teórico Prático de Reabilitação de Pé e Tornozelo

<p><strong>O Curso</strong></p>
<p>O Curso Teórico-Prático de Reabilitação de Pé e Tornozelo é uma oportunidade única para profissionais de saúde se atualizarem e aprimorarem suas habilidades no tratamento de lesões ortopédicas e traumáticas nesta área específica.</p>
<p>Com uma programação abrangente e focada na aplicação prática, o curso oferece uma combinação de aulas teóricas, discussões de casos clínicos reais, e visitas técnicas a centros de referência.</p>
<p>&nbsp;</p>
<p><strong>Objetivos do Curso</strong></p>
<p>• Capacitar profissionais com conhecimentos atualizados sobre anatomia, biomecânica, e reabilitação de pé e tornozelo.</p>
<p>• Desenvolver habilidades práticas através da análise, discussão de casos clínicos reais.</p>
<p>•  Acompanhar o Corpo Clínico no Ambulatório e em  uma Cirurgia de Pé e Tornozelo (Observacional e por agendamento)</p>
<p>• Promover o networking entre participantes, especialistas da área e empresas patrocinadoras.</p>
<p>&nbsp;</p>
<p><strong>Público Alvo</strong></p>
<p>Fisioterapeutas: Profissionais atuantes na reabilitação de lesões ortopédicas e traumáticas de pé e tornozelo.</p>
<p>Estudantes de Fisioterapia e Ortopedia: Graduandos e pós-graduandos interessados em aprofundar conhecimentos na área.</p>
<p>Clínicas e Instituições de Saúde: Gerentes e diretores de clínicas de fisioterapia e ortopedia que buscam novas tecnologias e métodos de tratamento.</p>
<p>Fabricantes e Distribuidores de Produtos Ortopédicos: Empresas que produzem ou comercializam dispositivos médicos, equipamentos de reabilitação, e acessórios como palmilhas e faixas de resistência.</p>

<p>O Curso O Curso Teórico-Prático de Reabilitação de Pé e Tornozelo é uma oportunidade única para profissionais de saúde se atualizarem e aprimorarem suas habilidades no tratamento de lesões ortopédicas [&hellip;]</p>
